-29. Let g be -2 + (-2)/4*b. Suppose 3*h = 4*f + 60 + 22, -5*h - g*f + 154 = 0. What is the units digit of h?
0
Let c(t) be the third derivative of 56*t**4/3 + 39*t**3/2 + 78*t**2. What is the units digit of c(2)?
3
Let b = -6907 + 9936. What is the thousands digit of b?
3
Let z(o) = 563*o**2 - 25*o - 61. What is the tens digit of z(-6)?
5
Let z be (474/(-4))/((-1)/6). Let k be -12 - (5 + -15) - (-1 + -7). Suppose -69 = k*y - z. What is the tens digit of y?
0
Let n = 345 - 205. Suppose 53 = 2*m + z, m + 4*z = -4*m + n. What is the units digit of m?
4
What is the units digit of 5/5*-7 + 3865 + -21?
7
What is the ten thousands digit of 261032/24 - -3 - (-4)/6?
1
Suppose 0*f - 50 = -5*f. Suppose 0 = -11*r + f*r + 279. Suppose 0*q = 3*q - 5*j - 181, -5*q = 3*j - r. What is the tens digit of q?
5
What is the hundreds digit of (1645/(-70) - -22)/(6/(-112240))?
0
Let t = 26 + -15. Let y = -1 + t. Suppose -y*h + h + 531 = 0. What is the tens digit of h?
5
Suppose 0 = 54*k - 223*k + 568685. What is the units digit of k?
5
Suppose 0 = 4*b - 4*v - 4232, 3*v + 810 = -5*b + 6132. Suppose -3*w + 5*s + 1030 = 0, -b = -4*w + w - 3*s. What is the units digit of w?
0
Suppose -4*k - 4*i = 7488, 2*i - 1 = 1. Let y = -977 - k. What is the hundreds digit of y?
8
Suppose 0 = 3*b - 20 - 16. Suppose 0 = -6*d - b + 42. Suppose 119 = d*q + 4*s - 466, 4*q = -2*s + 462. What is the units digit of q?
3
What is the ten thousands digit of (-4 + 0)/16 - (-4880052)/144?
3
Let c(a) = -473*a + 948. Let i be c(2). Let h(j) = -16*j - 2. Let l be h(-4). Suppose -i*z + l = -378. What is the tens digit of z?
2
Suppose 950661 = 151*q - 1331251. What is the hundreds digit of q?
1
Suppose v + 6589 = 2*u, -88*v - 13179 = -4*u - 85*v. What is the tens digit of u?
9
What is the thousands digit of -4 + 38099 + (18 - 8)?
8
What is the thousands digit of 1180860/(-180)*((-7)/(21/12) + -2)?
9
Suppose -5*a - 61 = -31, -15083 = -5*n - 2*a. What is the thousands digit of n?
3
Let h(u) = -u**3 - 6*u**2 + 7*u + 3. Let z(o) = -2*o**3 - 7*o**2 + 8*o + 3. Let d(f) = 3*h(f) - 2*z(f). What is the units digit of d(5)?
3
Let n(z) = 160*z**2 + 137*z + 46. What is the ten thousands digit of n(14)?
3
Let b = -132 - -137. Suppose 0 = 7*c - 3*c - 4, b*a = 3*c + 2687. What is the tens digit of a?
3
Suppose 10858 = 9*x - 734. Suppose c = 2*s + 311, 4*c - 2*s - x = -5*s. What is the units digit of c?
9
Let r = -140 + 131. What is the hundreds digit of ((-3)/r)/((-3)/(-1899))?
2
Suppose -28*f + 68 = -11*f. Suppose -5*q + a + 805 = -1330, -5*q + f*a = -2120. What is the tens digit of q?
2
Let m = 45719 - 31372. What is the hundreds digit of m?
3
Let l = -360 + 880. Let c = l - 132. What is the units digit of c?
8
Suppose -2*d = -o + 5 - 0, 3*d + 18 = 5*o. Suppose -3507 = -o*m - 4*k, 12*m + 2*k = 8*m + 4676. What is the hundreds digit of m?
1
Let x(u) = 135*u**2 - 86*u + 734. What is the ten thousands digit of x(12)?
1
Suppose 0 = -3*o + 5*q + 257, 5*o - 527 + 106 = q. Let c be -11*(-2 + -2)/4. Suppose 9*x - c*x = -o. What is the units digit of x?
2
Let w(g) = -27*g - 24. Let b be w(-1). Suppose b*n - y = 416, 4*y = -3*n + 40 + 366. What is the tens digit of n?
3
Let g(t) = 16*t + 12*t - 28 - 2*t**2 + 18*t. What is the units digit of g(18)?
2
Suppose -u + 16 = -5. Suppose 0 = -24*p + u*p + 1029. What is the units digit of p?
3
What is the tens digit of (73/((-4599)/229788))/((-2)/7)?
6
Suppose 0 = o + 5*c + 1, 3*o - 4*c + 2 - 18 = 0. Suppose x + 15 = -o. Let y = 31 + x. What is the tens digit of y?
1
Suppose -3*l + 58*r + 17577 = 55*r, r = 3*l - 17585. What is the tens digit of l?
6
Suppose -4*d - 8121 = -4*y + y, -3*y - d = -8106. Let m = y - 1900. What is the hundreds digit of m?
8
Let b = -116 - -107. Let m = 5 - b. Suppose 441 = m*f - 1295. What is the hundreds digit of f?
1
Suppose -3*x - 5*a + 35 = 12, 2*x + 5*a - 22 = 0. What is the hundreds digit of (0 + x)/(1/763)?
7
Let x be (-6)/(-4) - (-4)/8. Let k(o) = -2 - 11*o + 17*o + 42*o - 1. What is the tens digit of k(x)?
9
Suppose 0 = -s - 0*s + 40. Let r = s - 42. Let g(i) = -7*i**3. What is the units digit of g(r)?
6
Let z = -3191 + 3248. What is the tens digit of z?
5
Let q(z) = 2*z**2 - 97*z + 107. Let k be q(48). Suppose 2*g - 1864 = s + k, -s - 2886 = -3*g. What is the hundreds digit of g?
9
Suppose 0 = -4*g + 17*g + 4407. What is the tens digit of -6 + (6 - g) + -1?
3
Let q(c) = -c**3 + 15*c**2 - 52*c - 16. Let v be q(9). Suppose -5*f = 10*s - 11*s - 1700, v*f = -4*s + 658. What is the units digit of f?
9
Let v(b) = -b**3 + 30*b**2 + 17*b + 62. What is the thousands digit of v(-15)?
9
What is the units digit of (-8)/(((-479)/793224)/(-1 + 3/2))?
4
Let z(c) = -1888*c + 674. What is the thousands digit of z(-9)?
7
Let l(c) = 3*c. Let q(y) = -2*y. Let r(g) = -3*l(g) - 5*q(g). Let m be r(9). What is the units digit of (-255)/2*(-6)/m?
5
Suppose -2029 = -62*p + 37297 + 33214. What is the thousands digit of p?
1
Let x = 47355 - 32679. What is the ten thousands digit of x?
1
Let s(l) = 246*l - 6298. What is the ten thousands digit of s(117)?
2
Let i(v) = v**2 - v - 16. Let o be i(6). Suppose 0 = 2*n - o*n + 2772. What is the hundreds digit of n?
2
Let w = -24150 - -44511. What is the hundreds digit of w?
3
Let j = 14622 - 8728. What is the hundreds digit of j?
8
Let k = 2933 + -79. What is the units digit of k?
4
Let b be (-21)/(-6)*360/35. Suppose -1696 + b = -10*s. What is the units digit of s?
6
What is the tens digit of (2*693/24)/((-671)/(-132) + -5)?
9
Let n be (-14 - -5)*4/(-3). Let j be ((-21)/n)/((-1)/40). Let u = -48 + j. What is the tens digit of u?
2
Suppose 30 = t - 5*d, -t + 25 = -d - 3*d. Let u(g) = g**2 - 7*g + 10. Let v be u(t). What is the tens digit of v - (2 - (2 + 51))?
5
Let i(q) be the second derivative of 5*q**3/3 + 91*q**2 - 2*q - 27. What is the units digit of i(25)?
2
Let v = -63 + 83. Suppose v*f - 1461 = 3619. What is the tens digit of f?
5
Suppose -h - 1 = 5*x - 9, 4*h = 2*x - 12. Let w = 7 + -1. What is the units digit of h + -2 + w + (-23)/(-1)?
5
Suppose -50*h + 159 = 3*h. What is the tens digit of ((-659)/(-4)*h)/((-1)/(-4))?
7
Let u be 87*((2 - 22/6) + -2). Let m = -443 + 234. Let a = m - u. What is the hundreds digit of a?
1
Let d = -422 + 423. Let t(u) = 858*u**2 - 38*u + 37. What is the hundreds digit of t(d)?
8
Let i(y) = 4*y - 1. Let w(u) = 4*u - 1. Let f(p) = 6*i(p) - 4*w(p). Let d = -30 + 35. What is the units digit of f(d)?
8
Suppose -y - 275 = -2*z, 4*y - 1347 = 9*y - 3*z. What is the units digit of -1 - y/(-3)*135/(-15)?
0
Let j = 4369 - 2723. Let p = j - 1002. What is the hundreds digit of p?
6
Let n(t) = 11*t**3 - 23*t**2 - 31*t - 10. Let m be n(15). Suppose -24*l + m = l. What is the tens digit of l?
5
Let u = 383 + -378. Suppose -2*s = -2*o + 1750, -5*o + u*s + 4379 = 2*s. What is the units digit of o?
7
Let n(w) = -w**3 - 58*w**2 + 93*w - 178. What is the thousands digit of n(-60)?
1
Let r(x) = 1324*x**2 - 6*x + 8. Suppose 17*j - 7*j - 10 = 0. What is the units digit of r(j)?
6
Let j(g) = -7*g. Let h be j(3). Let c(m) be the first derivative of -m**3/3 - 29*m**2/2 - 23*m + 2672. What is the hundreds digit of c(h)?
1
Let j be (-78)/21 + 14/(-49). Let b = j + 7. Suppose 0 = b*v - 6*v + 228. What is the units digit of v?
6
Suppose 3*c = -2*a + 8220, -5*c = 20*a - 21*a - 13700. What is the thousands digit of c?
2
Let s(u) be the second derivative of -u**5/20 - u**4/3 + 3*u**3/2 + 3*u**2/2 + 1715*u. Let f = 1 + -7. What is the tens digit of s(f)?
2
Suppose -652950 = 454*k - 253*k - 251*k. What is the thousands digit of k?
3
Let t be 1*-14 - 9/(6/(-2)). Let o = 0 - t. Suppose -u = d - o, -2*u + 3 = -3*d + 1. What is the units digit of u?
7
Suppose j = -i - 3*j - 19, -30 = 3*i + 3*j. Let v(d) = d - 7. Let m(g) = -g + 6. Let o(x) = 5*m(x) + 4*v(x). What is the units digit of o(i)?
9
Let h be (-8 - -5)/((-20)/(-6) - 3). Let n(t) = -t**3 + 13*t**2 - t + 7. Let i be n(13). What is the tens digit of (-222)/h*(-45)/i?
8
Let s(r) = r**3 + 37*r**2 + 12*r + 448. What is the thousands digit of s(-18)?
6
What is the units digit of 13 + (9380 - (-144)/12)?
5
Let b be 4/((-16)/12) - (-270)/1. Let o = b - -91. What is the tens digit of o?
5
Let s(g) = 38*g + 3. Let l be s(0). Suppose l*y - 3*d - 2722 = -7*d, -3666 = -4*y + 2*d. 